{"id":9224,"date":"2019-09-30T20:20:50","date_gmt":"2019-09-30T19:20:50","guid":{"rendered":"http:\/\/www.auzouvillesurry.fr\/wordpress\/?page_id=9224"},"modified":"2019-09-30T21:01:38","modified_gmt":"2019-09-30T20:01:38","slug":"pyramide-le-relais-dassistance-maternelle","status":"publish","type":"page","link":"https:\/\/www.auzouvillesurry.fr\/wordpress\/pyramide-le-relais-dassistance-maternelle\/","title":{"rendered":"PYRAMIDE, le relais d&rsquo;assistant(e)s maternel(le)s"},"content":{"rendered":"\n<div class=\"wp-block-image\"><figure class=\"aligncenter is-resized\"><img loading=\"lazy\" decoding=\"async\" src=\"https:\/\/www.auzouvillesurry.fr\/wordpress\/wp-content\/uploads\/2019\/09\/ram-1.png\" alt=\"\" class=\"wp-image-9227\" width=\"378\" height=\"534\" srcset=\"https:\/\/www.auzouvillesurry.fr\/wordpress\/wp-content\/uploads\/2019\/09\/ram-1.png 398w, https:\/\/www.auzouvillesurry.fr\/wordpress\/wp-content\/uploads\/2019\/09\/ram-1-212x300.png 212w\" sizes=\"auto, (max-width: 378px) 100vw, 378px\" \/><\/figure><\/div>\n\n\n\n<div class=\"wp-block-image\"><figure class=\"alignright\"><img loading=\"lazy\" decoding=\"async\" width=\"240\" height=\"544\" src=\"https:\/\/www.auzouvillesurry.fr\/wordpress\/wp-content\/uploads\/2019\/09\/pyramide.png\" alt=\"\" class=\"wp-image-9232\" srcset=\"https:\/\/www.auzouvillesurry.fr\/wordpress\/wp-content\/uploads\/2019\/09\/pyramide.png 240w, https:\/\/www.auzouvillesurry.fr\/wordpress\/wp-content\/uploads\/2019\/09\/pyramide-132x300.png 132w\" sizes=\"auto, (max-width: 240px) 100vw, 240px\" \/><\/figure><\/div>\n\n\n\n<div class=\"wp-block-file\"><a href=\"https:\/\/www.auzouvillesurry.fr\/wordpress\/wp-content\/uploads\/2019\/09\/un-RAM-cest-quoi.pdf\" target=\"_blank\" rel=\"noreferrer noopener\">un RAM c&rsquo;est quoi<\/a><\/div>\n\n\n\n<p><\/p>\n\n\n\n<p><a rel=\"noreferrer noopener nofollow\" href=\"https:\/\/goo.gl\/maps\/mvJDFj2w9nL2\" target=\"_blank\" class=\"external external_icon\">Martainville-Epreville<\/a>, 190 route du Ch\u00e2teau<br \/>Accueil le lundi et le mardi de 13h30 \u00e0 17h, le mercredi de 9h \u00e0 12h, le jeudi et le vendredi de 13h30 \u00e0 17h<br \/>T\u00e9l : 02 35 23 92 33<br \/>Mail:&nbsp;<a href=\"mailto:zaina.descamp@intercauxvexin.fr\">zaina.descamp@intercauxvexin.fr<\/a><br \/><\/p>\n","protected":false},"excerpt":{"rendered":"<p>Martainville-Epreville, 190 route du Ch\u00e2teauAccueil le lundi et le mardi de 13h30 \u00e0 17h, le mercredi de 9h \u00e0 12h, le jeudi et le vendredi de 13h30 \u00e0 17hT\u00e9l : 02 35 23 92 33Mail:&nbsp;zaina.descamp@intercauxvexin.fr<\/p>\n","protected":false},"author":1,"featured_media":0,"parent":0,"menu_order":0,"comment_status":"closed","ping_status":"closed","template":"","meta":{"ngg_post_thumbnail":0,"footnotes":""},"class_list":["post-9224","page","type-page","status-publish","hentry"],"_links":{"self":[{"href":"https:\/\/www.auzouvillesurry.fr\/wordpress\/wp-json\/wp\/v2\/pages\/9224","targetHints":{"allow":["GET"]}}],"collection":[{"href":"https:\/\/www.auzouvillesurry.fr\/wordpress\/wp-json\/wp\/v2\/pages"}],"about":[{"href":"https:\/\/www.auzouvillesurry.fr\/wordpress\/wp-json\/wp\/v2\/types\/page"}],"author":[{"embeddable":true,"href":"https:\/\/www.auzouvillesurry.fr\/wordpress\/wp-json\/wp\/v2\/users\/1"}],"replies":[{"embeddable":true,"href":"https:\/\/www.auzouvillesurry.fr\/wordpress\/wp-json\/wp\/v2\/comments?post=9224"}],"version-history":[{"count":15,"href":"https:\/\/www.auzouvillesurry.fr\/wordpress\/wp-json\/wp\/v2\/pages\/9224\/revisions"}],"predecessor-version":[{"id":9248,"href":"https:\/\/www.auzouvillesurry.fr\/wordpress\/wp-json\/wp\/v2\/pages\/9224\/revisions\/9248"}],"wp:attachment":[{"href":"https:\/\/www.auzouvillesurry.fr\/wordpress\/wp-json\/wp\/v2\/media?parent=9224"}],"curies":[{"name":"wp","href":"https:\/\/api.w.org\/{rel}","templated":true}]}}