{"id":9065,"date":"2019-05-08T17:49:50","date_gmt":"2019-05-08T16:49:50","guid":{"rendered":"http:\/\/www.auzouvillesurry.fr\/wordpress\/?page_id=9065"},"modified":"2019-11-25T14:39:58","modified_gmt":"2019-11-25T13:39:58","slug":"celebration-du-8-mai","status":"publish","type":"page","link":"https:\/\/www.auzouvillesurry.fr\/wordpress\/vie-associative\/association-des-anciens-combattants\/celebration-du-8-mai\/","title":{"rendered":"C\u00e9l\u00e9bration du 8 mai"},"content":{"rendered":"\n<p><strong>Comm\u00e9moration de la fin de la deuxi\u00e8me guerre mondiale le 8 mai 1945<\/strong> <\/p>\n\n\n\n<p><\/p>\n\n\n\n<p>2019<\/p>\n\n\n\n<p>La pluie du jour n&rsquo;effacera pas le souvenir de cet triste \u00e9pisode de notre histoire. Apr\u00e8s la lecture d&rsquo;un texte sur les premi\u00e8res heures des combats \u00e0 Rouen et la lecture du message du secr\u00e9taire d&rsquo;\u00e9tat aux anciens combattants les participants \u00e0 cette c\u00e9r\u00e9monie se sont retrouv\u00e9s en Mairie autour du verre de l&rsquo;amiti\u00e9<\/p>ngg_shortcode_0_placeholder<p>2018<br \/>ngg_shortcode_1_placeholder\n<p>2017<br \/>ngg_shortcode_2_placeholder\n<p>2016<br \/>ngg_shortcode_3_placeholder\n<p>2015<br \/>ngg_shortcode_4_placeholder\n\n\n<p>  <\/p>\n","protected":false},"excerpt":{"rendered":"<p>Comm\u00e9moration de la fin de la deuxi\u00e8me guerre mondiale le 8 mai 1945 2019 La pluie du jour n&rsquo;effacera pas le souvenir de cet triste \u00e9pisode de notre histoire. Apr\u00e8s la lecture d&rsquo;un texte sur les premi\u00e8res heures des combats \u00e0 Rouen et la lecture du message du secr\u00e9taire d&rsquo;\u00e9tat aux anciens combattants les participants [&hellip;]<\/p>\n","protected":false},"author":1,"featured_media":0,"parent":4626,"menu_order":0,"comment_status":"closed","ping_status":"closed","template":"","meta":{"ngg_post_thumbnail":0,"iawp_total_views":0,"footnotes":""},"class_list":["post-9065","page","type-page","status-publish","hentry"],"_links":{"self":[{"href":"https:\/\/www.auzouvillesurry.fr\/wordpress\/wp-json\/wp\/v2\/pages\/9065","targetHints":{"allow":["GET"]}}],"collection":[{"href":"https:\/\/www.auzouvillesurry.fr\/wordpress\/wp-json\/wp\/v2\/pages"}],"about":[{"href":"https:\/\/www.auzouvillesurry.fr\/wordpress\/wp-json\/wp\/v2\/types\/page"}],"author":[{"embeddable":true,"href":"https:\/\/www.auzouvillesurry.fr\/wordpress\/wp-json\/wp\/v2\/users\/1"}],"replies":[{"embeddable":true,"href":"https:\/\/www.auzouvillesurry.fr\/wordpress\/wp-json\/wp\/v2\/comments?post=9065"}],"version-history":[{"count":6,"href":"https:\/\/www.auzouvillesurry.fr\/wordpress\/wp-json\/wp\/v2\/pages\/9065\/revisions"}],"predecessor-version":[{"id":9489,"href":"https:\/\/www.auzouvillesurry.fr\/wordpress\/wp-json\/wp\/v2\/pages\/9065\/revisions\/9489"}],"up":[{"embeddable":true,"href":"https:\/\/www.auzouvillesurry.fr\/wordpress\/wp-json\/wp\/v2\/pages\/4626"}],"wp:attachment":[{"href":"https:\/\/www.auzouvillesurry.fr\/wordpress\/wp-json\/wp\/v2\/media?parent=9065"}],"curies":[{"name":"wp","href":"https:\/\/api.w.org\/{rel}","templated":true}]}}