{"id":8911,"date":"2019-03-27T20:06:07","date_gmt":"2019-03-27T19:06:07","guid":{"rendered":"http:\/\/www.auzouvillesurry.fr\/wordpress\/?page_id=8911"},"modified":"2019-03-27T20:07:32","modified_gmt":"2019-03-27T19:07:32","slug":"le-printemps-des-arts-2019","status":"publish","type":"page","link":"https:\/\/www.auzouvillesurry.fr\/wordpress\/le-printemps-des-arts-2019\/","title":{"rendered":"Le printemps des arts 2019"},"content":{"rendered":"<p>19 artistes avaient rendez-vous \u00e0 Auzouville sur Ry pour une exposition regroupant peintres, sculpteurs et photographes.<br \/>\nUne confrontation de techniques vari\u00e9s et de tr\u00e8s beaux talents:<br \/>\nDaniel Benhamou, Annie Courtois, Fabienne Courtois, Ester Delporte, Colette di Giovanni, Annie Dranguet, Carole Gouteux, Alain Hirel, Nicole Jacques, Paule Julien, Patricia Lahure, Luc Legendre, Brigitte Louvry, Jocelyne Perrier, Marianne Quinzin, Val\u00e9rie Sagot, Yves Taieb, Agn\u00e8s Theureau, Fran\u00e7oise Vivier.<\/p>\nngg_shortcode_0_placeholder\nngg_shortcode_1_placeholder\n","protected":false},"excerpt":{"rendered":"<p>19 artistes avaient rendez-vous \u00e0 Auzouville sur Ry pour une exposition regroupant peintres, sculpteurs et photographes. Une confrontation de techniques vari\u00e9s et de tr\u00e8s beaux talents: Daniel Benhamou, Annie Courtois, Fabienne Courtois, Ester Delporte, Colette di Giovanni, Annie Dranguet, Carole Gouteux, Alain Hirel, Nicole Jacques, Paule Julien, Patricia Lahure, Luc Legendre, Brigitte Louvry, Jocelyne Perrier, [&hellip;]<\/p>\n","protected":false},"author":1,"featured_media":0,"parent":0,"menu_order":0,"comment_status":"closed","ping_status":"closed","template":"","meta":{"ngg_post_thumbnail":0,"footnotes":""},"class_list":["post-8911","page","type-page","status-publish","hentry"],"_links":{"self":[{"href":"https:\/\/www.auzouvillesurry.fr\/wordpress\/wp-json\/wp\/v2\/pages\/8911","targetHints":{"allow":["GET"]}}],"collection":[{"href":"https:\/\/www.auzouvillesurry.fr\/wordpress\/wp-json\/wp\/v2\/pages"}],"about":[{"href":"https:\/\/www.auzouvillesurry.fr\/wordpress\/wp-json\/wp\/v2\/types\/page"}],"author":[{"embeddable":true,"href":"https:\/\/www.auzouvillesurry.fr\/wordpress\/wp-json\/wp\/v2\/users\/1"}],"replies":[{"embeddable":true,"href":"https:\/\/www.auzouvillesurry.fr\/wordpress\/wp-json\/wp\/v2\/comments?post=8911"}],"version-history":[{"count":5,"href":"https:\/\/www.auzouvillesurry.fr\/wordpress\/wp-json\/wp\/v2\/pages\/8911\/revisions"}],"predecessor-version":[{"id":8916,"href":"https:\/\/www.auzouvillesurry.fr\/wordpress\/wp-json\/wp\/v2\/pages\/8911\/revisions\/8916"}],"wp:attachment":[{"href":"https:\/\/www.auzouvillesurry.fr\/wordpress\/wp-json\/wp\/v2\/media?parent=8911"}],"curies":[{"name":"wp","href":"https:\/\/api.w.org\/{rel}","templated":true}]}}