{"id":8765,"date":"2019-03-17T20:44:44","date_gmt":"2019-03-17T19:44:44","guid":{"rendered":"http:\/\/www.auzouvillesurry.fr\/wordpress\/?page_id=8765"},"modified":"2019-03-17T20:45:35","modified_gmt":"2019-03-17T19:45:35","slug":"le-cabaret-du-coeur-2019","status":"publish","type":"page","link":"https:\/\/www.auzouvillesurry.fr\/wordpress\/le-cabaret-du-coeur-2019\/","title":{"rendered":"Le cabaret du coeur 2019"},"content":{"rendered":"<p>C&rsquo;est une tradition \u00e0 Auzouville sur Ry, tous les deux ans des b\u00e9n\u00e9voles se mobilisent pour une association qui \u0153uvre pour la recherche m\u00e9dicale en faveur de maladies touchant les enfants. Cette ann\u00e9e c&rsquo;est l&rsquo;association \u00ab\u00a0<a href=\"https:\/\/www.evapourlavie.com\/\" class=\"external external_icon\" rel=\"nofollow\" target=\"_blank\">Eva pour la vie<\/a>\u00ab\u00a0, qui a \u00e9t\u00e9 retenue.<\/p>\n<p><a href=\"https:\/\/www.auzouvillesurry.fr\/wordpress\/wp-content\/uploads\/2019\/03\/eva.jpg\"><img loading=\"lazy\" decoding=\"async\" class=\"aligncenter size-full wp-image-8763\" src=\"https:\/\/www.auzouvillesurry.fr\/wordpress\/wp-content\/uploads\/2019\/03\/eva.jpg\" alt=\"\" width=\"251\" height=\"139\"\/><\/a><\/p>\n<p>Pr\u00e8s de 250 personnes ont r\u00e9pondu \u00e0 cet appel en participant le samedi 16 mars au soir et le dimanche 17 dans l&rsquo;apr\u00e8s midi au spectacle de cabaret. L&rsquo;ensemble des recettes, entr\u00e9es et consommations, sera revers\u00e9 \u00e0 l&rsquo;association.<\/p>\n<p>L&rsquo;imagination ne manquait pas dans les diff\u00e9rents tableaux de ce spectacle. Un grand coup de chapeau \u00e0 la cinquantaine de b\u00e9n\u00e9voles engag\u00e9s dans ce beau projet.<\/p>\n<p>Prochaine \u00e9dition en 2021, en attendant regardez les photos.<\/p>ngg_shortcode_0_placeholder<p><\/p>\n","protected":false},"excerpt":{"rendered":"<p>C&rsquo;est une tradition \u00e0 Auzouville sur Ry, tous les deux ans des b\u00e9n\u00e9voles se mobilisent pour une association qui \u0153uvre pour la recherche m\u00e9dicale en faveur de maladies touchant les enfants. Cette ann\u00e9e c&rsquo;est l&rsquo;association \u00ab\u00a0Eva pour la vie\u00ab\u00a0, qui a \u00e9t\u00e9 retenue. Pr\u00e8s de 250 personnes ont r\u00e9pondu \u00e0 cet appel en participant le [&hellip;]<\/p>\n","protected":false},"author":1,"featured_media":0,"parent":0,"menu_order":0,"comment_status":"closed","ping_status":"closed","template":"","meta":{"ngg_post_thumbnail":0,"footnotes":""},"class_list":["post-8765","page","type-page","status-publish","hentry"],"_links":{"self":[{"href":"https:\/\/www.auzouvillesurry.fr\/wordpress\/wp-json\/wp\/v2\/pages\/8765","targetHints":{"allow":["GET"]}}],"collection":[{"href":"https:\/\/www.auzouvillesurry.fr\/wordpress\/wp-json\/wp\/v2\/pages"}],"about":[{"href":"https:\/\/www.auzouvillesurry.fr\/wordpress\/wp-json\/wp\/v2\/types\/page"}],"author":[{"embeddable":true,"href":"https:\/\/www.auzouvillesurry.fr\/wordpress\/wp-json\/wp\/v2\/users\/1"}],"replies":[{"embeddable":true,"href":"https:\/\/www.auzouvillesurry.fr\/wordpress\/wp-json\/wp\/v2\/comments?post=8765"}],"version-history":[{"count":5,"href":"https:\/\/www.auzouvillesurry.fr\/wordpress\/wp-json\/wp\/v2\/pages\/8765\/revisions"}],"predecessor-version":[{"id":8771,"href":"https:\/\/www.auzouvillesurry.fr\/wordpress\/wp-json\/wp\/v2\/pages\/8765\/revisions\/8771"}],"wp:attachment":[{"href":"https:\/\/www.auzouvillesurry.fr\/wordpress\/wp-json\/wp\/v2\/media?parent=8765"}],"curies":[{"name":"wp","href":"https:\/\/api.w.org\/{rel}","templated":true}]}}