{"id":876,"date":"2015-02-25T17:52:34","date_gmt":"2015-02-25T16:52:34","guid":{"rendered":"http:\/\/www.auzouvillesurry.fr\/wordpress\/?page_id=876"},"modified":"2024-02-25T18:35:41","modified_gmt":"2024-02-25T17:35:41","slug":"animation-village","status":"publish","type":"page","link":"https:\/\/www.auzouvillesurry.fr\/wordpress\/vie-associative\/animation-village\/","title":{"rendered":"Animation Village"},"content":{"rendered":"<div data-canvas-width=\"167.35311190289036\">Pr\u00e9sidente : Jocelyne FRESSARD; Vice-Pr\u00e9sidente : Martine PLAUT<a href=\"https:\/\/www.auzouvillesurry.fr\/wordpress\/wp-content\/uploads\/Logo\/logo-animation-village.jpg\"><img loading=\"lazy\" decoding=\"async\" class=\"alignright wp-image-5476 size-medium\" src=\"https:\/\/www.auzouvillesurry.fr\/wordpress\/wp-content\/uploads\/Logo\/logo-animation-village-244x300.jpg\" alt=\"\" width=\"244\" height=\"300\" srcset=\"https:\/\/www.auzouvillesurry.fr\/wordpress\/wp-content\/uploads\/Logo\/logo-animation-village-244x300.jpg 244w, https:\/\/www.auzouvillesurry.fr\/wordpress\/wp-content\/uploads\/Logo\/logo-animation-village.jpg 674w\" sizes=\"auto, (max-width: 244px) 100vw, 244px\" \/><\/a><\/div>\n<div data-canvas-width=\"178.35444667430176\">Secr\u00e9taire : Marie-Claude CARPENTIER; Secr\u00e9taire adjoint : Dominique BODOT<\/div>\n<div data-canvas-width=\"171.3545354662183\">Tr\u00e9sori\u00e8re : Jean-Claude FRESSARD; Tr\u00e9sori\u00e8re adjoint : Beno\u00eet CLATOT<\/div>\n<div data-canvas-width=\"171.3545354662183\">&nbsp;<\/div>\n<p><strong><span style=\"color: #ff6600;\">Nous contacter<\/span><\/strong><\/p>\n<p>Vous souhaitez avoir des informations sur notre association, nous faire des suggestions, &#8230;. \u00e9crivez-nous <span style=\"text-decoration: underline; color: #0000ff;\">animationvillage.auzouville@gmail.com<br \/><\/span>Retrouvez l&rsquo;association sur <a href=\"https:\/\/www.facebook.com\/animationvillage.auzouville\/?fref=ts\" target=\"_blank\" rel=\"noopener noreferrer nofollow\" class=\"external external_icon\">facebook<\/a>&nbsp;&nbsp;<\/p>\n<p>&nbsp;<\/p>\n<p><a href=\"https:\/\/www.auzouvillesurry.fr\/wordpress\/?page_id=11062\" target=\"_blank\" rel=\"noopener noreferrer\">Exposition \u2018le Printemps des Arts 2022\u2019<\/a><br \/><a href=\"https:\/\/www.auzouvillesurry.fr\/wordpress\/?page_id=11067\" target=\"_blank\" rel=\"noopener noreferrer\">Promenade au cr\u00e9puscule 2022<\/a><br \/><a href=\"https:\/\/www.auzouvillesurry.fr\/wordpress\/?page_id=8911\">Le printemps des arts 2019.<\/a>&nbsp;<br \/><a href=\"https:\/\/www.auzouvillesurry.fr\/wordpress\/?page_id=8308\">No\u00ebl des enfants 2018.<\/a>&nbsp;<br \/><a href=\"https:\/\/www.auzouvillesurry.fr\/wordpress\/?page_id=7925\">F\u00eate patronale 2018.<\/a>&nbsp;<br \/><a href=\"https:\/\/www.auzouvillesurry.fr\/wordpress\/?page_id=7503\">Le printemps des arts 2018.<\/a>&nbsp;<br \/><a href=\"https:\/\/www.auzouvillesurry.fr\/wordpress\/?page_id=7254\">No\u00ebl des enfants 2017.<\/a>&nbsp;<br \/><a href=\"https:\/\/www.auzouvillesurry.fr\/wordpress\/?page_id=6965\">D\u00e9p\u00f4t vente 2017.<\/a>&nbsp;<br \/><a href=\"https:\/\/www.auzouvillesurry.fr\/wordpress\/?page_id=6892\">2017 40eme anniversaire de la f\u00eate du 15 ao\u00fbt<\/a>&nbsp;<br \/><a href=\"https:\/\/www.auzouvillesurry.fr\/wordpress\/?page_id=6129\">Le spectacle de No\u00ebl 2016<br \/><\/a>&nbsp;<a href=\"https:\/\/www.auzouvillesurry.fr\/wordpress\/?page_id=5474\">Soir\u00e9e pyjama du 15 octobre 2016<\/a>&nbsp;<br \/><a href=\"https:\/\/www.auzouvillesurry.fr\/wordpress\/?page_id=6127\">Rallye v\u00e9lo du 25 septembre 2016<\/a>&nbsp;<br \/><a href=\"https:\/\/www.auzouvillesurry.fr\/wordpress\/?page_id=5065\">Le d\u00e9fil\u00e9 du 15 ao\u00fbt 2016<br \/><\/a>&nbsp;<a href=\"https:\/\/www.auzouvillesurry.fr\/wordpress\/?page_id=5294\">R\u00e9trospective des d\u00e9fil\u00e9s du 15 ao\u00fbt depuis 1997<\/a>&nbsp;<br \/><a href=\"https:\/\/www.auzouvillesurry.fr\/wordpress\/?page_id=5300\">Le printemps des arts 2016<\/a>&nbsp;<br \/><a href=\"https:\/\/www.auzouvillesurry.fr\/wordpress\/?page_id=4564\">Les photos de la soir\u00e9e carnaval du 12 mars 2016<\/a>&nbsp;<br \/><a href=\"https:\/\/www.auzouvillesurry.fr\/wordpress\/?page_id=2170\">Les photos spectacle de No\u00ebl<\/a>&nbsp;<br \/><a href=\"https:\/\/photos.google.com\/share\/AF1QipOtIln91lOVr3BXkGTsNG7a9iWMYgGI14vcGwkjL0wsnJxZ-yY8IEpsoCdwOrH6OQ?key=Qk12d21qbENCelkzOGpOa0ZhX0h6N2VOUWozQzdR\" target=\"_blank\" rel=\"noopener noreferrer nofollow\" class=\"external external_icon\">Le choc des photos de cette soir\u00e9e chic<\/a>&nbsp;<br \/><a href=\"https:\/\/www.auzouvillesurry.fr\/wordpress\/?page_id=2047\">Rallye v\u00e9lo 20 septembre 2015<\/a>&nbsp;<br \/><a href=\"https:\/\/www.auzouvillesurry.fr\/wordpress\/?page_id=2059\">Festivit\u00e9s 15 ao\u00fbt 2015<\/a>&nbsp;<br \/><a href=\"https:\/\/www.auzouvillesurry.fr\/wordpress\/?page_id=1886\">Printemps des arts 2015<\/a>&nbsp;<\/p>\n\n\n<p><\/p>\n","protected":false},"excerpt":{"rendered":"<p>Pr\u00e9sidente : Jocelyne FRESSARD; Vice-Pr\u00e9sidente : Martine PLAUT Secr\u00e9taire : Marie-Claude CARPENTIER; Secr\u00e9taire adjoint : Dominique BODOT Tr\u00e9sori\u00e8re : Jean-Claude FRESSARD; Tr\u00e9sori\u00e8re adjoint : Beno\u00eet CLATOT &nbsp; Nous contacter Vous souhaitez avoir des informations sur notre association, nous faire des suggestions, &#8230;. \u00e9crivez-nous animationvillage.auzouville@gmail.comRetrouvez l&rsquo;association sur facebook&nbsp;&nbsp; &nbsp; Exposition \u2018le Printemps des Arts 2022\u2019Promenade au [&hellip;]<\/p>\n","protected":false},"author":21,"featured_media":0,"parent":7,"menu_order":0,"comment_status":"closed","ping_status":"open","template":"","meta":{"ngg_post_thumbnail":0,"footnotes":""},"class_list":["post-876","page","type-page","status-publish","hentry"],"_links":{"self":[{"href":"https:\/\/www.auzouvillesurry.fr\/wordpress\/wp-json\/wp\/v2\/pages\/876","targetHints":{"allow":["GET"]}}],"collection":[{"href":"https:\/\/www.auzouvillesurry.fr\/wordpress\/wp-json\/wp\/v2\/pages"}],"about":[{"href":"https:\/\/www.auzouvillesurry.fr\/wordpress\/wp-json\/wp\/v2\/types\/page"}],"author":[{"embeddable":true,"href":"https:\/\/www.auzouvillesurry.fr\/wordpress\/wp-json\/wp\/v2\/users\/21"}],"replies":[{"embeddable":true,"href":"https:\/\/www.auzouvillesurry.fr\/wordpress\/wp-json\/wp\/v2\/comments?post=876"}],"version-history":[{"count":59,"href":"https:\/\/www.auzouvillesurry.fr\/wordpress\/wp-json\/wp\/v2\/pages\/876\/revisions"}],"predecessor-version":[{"id":12524,"href":"https:\/\/www.auzouvillesurry.fr\/wordpress\/wp-json\/wp\/v2\/pages\/876\/revisions\/12524"}],"up":[{"embeddable":true,"href":"https:\/\/www.auzouvillesurry.fr\/wordpress\/wp-json\/wp\/v2\/pages\/7"}],"wp:attachment":[{"href":"https:\/\/www.auzouvillesurry.fr\/wordpress\/wp-json\/wp\/v2\/media?parent=876"}],"curies":[{"name":"wp","href":"https:\/\/api.w.org\/{rel}","templated":true}]}}