{"id":8127,"date":"2018-11-11T15:18:39","date_gmt":"2018-11-11T14:18:39","guid":{"rendered":"http:\/\/www.auzouvillesurry.fr\/wordpress\/?page_id=8127"},"modified":"2018-11-11T15:29:57","modified_gmt":"2018-11-11T14:29:57","slug":"exposition-centenaire-de-la-signature-de-larmistice-du-11-novembre-1918","status":"publish","type":"page","link":"https:\/\/www.auzouvillesurry.fr\/wordpress\/histoire-et-patrimoine\/la-grande-guerre\/exposition-centenaire-de-la-signature-de-larmistice-du-11-novembre-1918\/","title":{"rendered":"Exposition \u00ab\u00a0centenaire de la signature de l&rsquo;armistice du 11 novembre 1918\u00a0\u00bb"},"content":{"rendered":"<p><a href=\"https:\/\/www.auzouvillesurry.fr\/wordpress\/wp-content\/uploads\/2018\/11\/images-5.jpeg\"><img loading=\"lazy\" decoding=\"async\" class=\"aligncenter size-full wp-image-8021\" src=\"https:\/\/www.auzouvillesurry.fr\/wordpress\/wp-content\/uploads\/2018\/11\/images-5.jpeg\" alt=\"\" width=\"326\" height=\"155\" srcset=\"https:\/\/www.auzouvillesurry.fr\/wordpress\/wp-content\/uploads\/2018\/11\/images-5.jpeg 326w, https:\/\/www.auzouvillesurry.fr\/wordpress\/wp-content\/uploads\/2018\/11\/images-5-300x143.jpeg 300w\" sizes=\"auto, (max-width: 326px) 100vw, 326px\" \/><\/a><\/p>\n<p>A l&rsquo;occasion de centenaire de la signature de l&rsquo;armistice du 11 novembre 1918, une exposition de costumes et de copies de documents d&rsquo;\u00e9poque a \u00e9t\u00e9 organis\u00e9e dans la salle du conseil.<\/p>ngg_shortcode_0_placeholder<p>&nbsp;<\/p>\n<p>&nbsp;<\/p>\n","protected":false},"excerpt":{"rendered":"<p>A l&rsquo;occasion de centenaire de la signature de l&rsquo;armistice du 11 novembre 1918, une exposition de costumes et de copies de documents d&rsquo;\u00e9poque a \u00e9t\u00e9 organis\u00e9e dans la salle du conseil. &nbsp; &nbsp;<\/p>\n","protected":false},"author":1,"featured_media":0,"parent":1238,"menu_order":0,"comment_status":"closed","ping_status":"closed","template":"","meta":{"ngg_post_thumbnail":0,"footnotes":""},"class_list":["post-8127","page","type-page","status-publish","hentry"],"_links":{"self":[{"href":"https:\/\/www.auzouvillesurry.fr\/wordpress\/wp-json\/wp\/v2\/pages\/8127","targetHints":{"allow":["GET"]}}],"collection":[{"href":"https:\/\/www.auzouvillesurry.fr\/wordpress\/wp-json\/wp\/v2\/pages"}],"about":[{"href":"https:\/\/www.auzouvillesurry.fr\/wordpress\/wp-json\/wp\/v2\/types\/page"}],"author":[{"embeddable":true,"href":"https:\/\/www.auzouvillesurry.fr\/wordpress\/wp-json\/wp\/v2\/users\/1"}],"replies":[{"embeddable":true,"href":"https:\/\/www.auzouvillesurry.fr\/wordpress\/wp-json\/wp\/v2\/comments?post=8127"}],"version-history":[{"count":4,"href":"https:\/\/www.auzouvillesurry.fr\/wordpress\/wp-json\/wp\/v2\/pages\/8127\/revisions"}],"predecessor-version":[{"id":8133,"href":"https:\/\/www.auzouvillesurry.fr\/wordpress\/wp-json\/wp\/v2\/pages\/8127\/revisions\/8133"}],"up":[{"embeddable":true,"href":"https:\/\/www.auzouvillesurry.fr\/wordpress\/wp-json\/wp\/v2\/pages\/1238"}],"wp:attachment":[{"href":"https:\/\/www.auzouvillesurry.fr\/wordpress\/wp-json\/wp\/v2\/media?parent=8127"}],"curies":[{"name":"wp","href":"https:\/\/api.w.org\/{rel}","templated":true}]}}