{"id":7503,"date":"2018-03-27T20:36:10","date_gmt":"2018-03-27T19:36:10","guid":{"rendered":"http:\/\/www.auzouvillesurry.fr\/wordpress\/?page_id=7503"},"modified":"2018-03-27T20:36:10","modified_gmt":"2018-03-27T19:36:10","slug":"exposition-le-printemps-des-arts-2018","status":"publish","type":"page","link":"https:\/\/www.auzouvillesurry.fr\/wordpress\/vie-associative\/animation-village\/exposition-le-printemps-des-arts-2018\/","title":{"rendered":"Exposition le Printemps des Arts 2018"},"content":{"rendered":"<p>Le weekend des 24 et 25 mars dans la salle polyvalente \u00e9taient r\u00e9unis 15 artistes offrants au public des \u0153uvres d&rsquo;une grande diversit\u00e9 et d&rsquo;une grande qualit\u00e9.<\/p>ngg_shortcode_0_placeholder","protected":false},"excerpt":{"rendered":"<p>Le weekend des 24 et 25 mars dans la salle polyvalente \u00e9taient r\u00e9unis 15 artistes offrants au public des \u0153uvres d&rsquo;une grande diversit\u00e9 et d&rsquo;une grande qualit\u00e9.<\/p>\n","protected":false},"author":1,"featured_media":0,"parent":876,"menu_order":0,"comment_status":"closed","ping_status":"closed","template":"","meta":{"ngg_post_thumbnail":0,"footnotes":""},"class_list":["post-7503","page","type-page","status-publish","hentry"],"_links":{"self":[{"href":"https:\/\/www.auzouvillesurry.fr\/wordpress\/wp-json\/wp\/v2\/pages\/7503","targetHints":{"allow":["GET"]}}],"collection":[{"href":"https:\/\/www.auzouvillesurry.fr\/wordpress\/wp-json\/wp\/v2\/pages"}],"about":[{"href":"https:\/\/www.auzouvillesurry.fr\/wordpress\/wp-json\/wp\/v2\/types\/page"}],"author":[{"embeddable":true,"href":"https:\/\/www.auzouvillesurry.fr\/wordpress\/wp-json\/wp\/v2\/users\/1"}],"replies":[{"embeddable":true,"href":"https:\/\/www.auzouvillesurry.fr\/wordpress\/wp-json\/wp\/v2\/comments?post=7503"}],"version-history":[{"count":1,"href":"https:\/\/www.auzouvillesurry.fr\/wordpress\/wp-json\/wp\/v2\/pages\/7503\/revisions"}],"predecessor-version":[{"id":7504,"href":"https:\/\/www.auzouvillesurry.fr\/wordpress\/wp-json\/wp\/v2\/pages\/7503\/revisions\/7504"}],"up":[{"embeddable":true,"href":"https:\/\/www.auzouvillesurry.fr\/wordpress\/wp-json\/wp\/v2\/pages\/876"}],"wp:attachment":[{"href":"https:\/\/www.auzouvillesurry.fr\/wordpress\/wp-json\/wp\/v2\/media?parent=7503"}],"curies":[{"name":"wp","href":"https:\/\/api.w.org\/{rel}","templated":true}]}}