{"id":6923,"date":"2017-10-02T20:34:31","date_gmt":"2017-10-02T19:34:31","guid":{"rendered":"http:\/\/www.auzouvillesurry.fr\/wordpress\/?page_id=6923"},"modified":"2022-11-06T17:05:00","modified_gmt":"2022-11-06T16:05:00","slug":"plan-local-durbanisme-intercommunal-plui","status":"publish","type":"page","link":"https:\/\/www.auzouvillesurry.fr\/wordpress\/vie-municipale-2\/plan-local-durbanisme-intercommunal-plui\/","title":{"rendered":"Plan Local d\u2019Urbanisme intercommunal (PLUi)"},"content":{"rendered":"<p>&nbsp;<\/p>\n<p>&nbsp;<\/p>\n<p><a href=\"https:\/\/www.auzouvillesurry.fr\/wordpress\/wp-content\/uploads\/2017\/10\/ruboff37-5cb39.jpg\"><img loading=\"lazy\" decoding=\"async\" class=\"aligncenter size-full wp-image-6926\" src=\"https:\/\/www.auzouvillesurry.fr\/wordpress\/wp-content\/uploads\/2017\/10\/ruboff37-5cb39.jpg\" alt=\"\" width=\"1200\" height=\"357\" srcset=\"https:\/\/www.auzouvillesurry.fr\/wordpress\/wp-content\/uploads\/2017\/10\/ruboff37-5cb39.jpg 1200w, https:\/\/www.auzouvillesurry.fr\/wordpress\/wp-content\/uploads\/2017\/10\/ruboff37-5cb39-300x89.jpg 300w, https:\/\/www.auzouvillesurry.fr\/wordpress\/wp-content\/uploads\/2017\/10\/ruboff37-5cb39-768x228.jpg 768w, https:\/\/www.auzouvillesurry.fr\/wordpress\/wp-content\/uploads\/2017\/10\/ruboff37-5cb39-1024x305.jpg 1024w\" sizes=\"auto, (max-width: 1200px) 100vw, 1200px\" \/><\/a><\/p>\n<p><span style=\"color: #ff6600;\"><span style=\"font-family: 'Liberation Serif', serif;\"><span style=\"font-size: medium;\"><b>PLUi, contexte et objectifs <\/b><\/span><\/span><\/span><\/p>\n<p align=\"justify\"><span style=\"font-family: 'Liberation Serif', serif;\"><span style=\"font-size: medium;\"><span style=\"color: #000000;\">Face aux enjeux d\u2019am\u00e9nagement et de planification \u00e0 moyen terme de notre territoire, <\/span><span style=\"color: #000000;\"><b>un Plan Local d\u2019Urbanisme intercommunal (PLUi) <\/b><\/span><span style=\"color: #000000;\">a \u00e9t\u00e9 prescrit en 2015 sur le territoire de l\u2019ex Communaut\u00e9 de Communes du Plateau de Martainville. Initi\u00e9e au&nbsp;printemps 2017 par la <strong>Communaut\u00e9 de Communes nomm\u00e9e <\/strong><\/span><strong><span style=\"color: #000000;\">Inter Caux Vexin<\/span><span style=\"color: #000000;\"> (C<\/span><span style=\"color: #000000;\">CICV) <\/span><\/strong><span style=\"color: #000000;\">celui-ci est applicable depuis mai 2021<\/span><\/span><\/span><\/p>\n<p align=\"justify\"><span style=\"font-family: 'Liberation Serif', serif;\"><span style=\"font-size: medium;\"><span style=\"color: #000000;\">Le PLUi concerne les <\/span><span style=\"color: #000000;\"><b>13 communes <\/b><\/span><span style=\"color: #000000;\">initialement engag\u00e9es dans cette d\u00e9marche :<br \/>\n<\/span><\/span><\/span><b style=\"font-family: inherit; font-size: medium; font-style: inherit;\">Auzouville-sur-Ry, Bois-l\u2019Ev\u00eaque, Bois-d\u2019Ennebourg, Elbeuf-sur-Andelle, Fresne-le-Plan, Grainville-sur-Ry, La Vieux-Rue, Martainville-Epreville, Mesnil-Raoul, Pr\u00e9aux, Ry, Saint-Denis-le-Thiboult et Servaville-Salmonville.<\/b><\/p>\n<p style=\"padding-left: 30px; text-align: left;\" align=\"justify\">Les donn\u00e9es \u00e9crites et graphiques concernant Auzouville-sur-Ry sont consultables sur&nbsp;<br \/>\n<a href=\"https:\/\/www.geoportail-urbanisme.gouv.fr\/map\/#tile=1&amp;lon=1.311193&amp;lat=49.443258000000014&amp;zoom=13&amp;mlon=1.311193&amp;mlat=49.443258\" target=\"_blank\" rel=\"noopener nofollow\" class=\"external external_icon\">&nbsp;PLUi Auzouville-sur-Ry<br \/>\n<\/a><\/p>\n<p style=\"text-align: left;\" align=\"justify\"><a href=\"https:\/\/www.geoportail-urbanisme.gouv.fr\/map\/#tile=1&amp;lon=1.311193&amp;lat=49.443258000000014&amp;zoom=13&amp;mlon=1.311193&amp;mlat=49.443258\" target=\"_blank\" rel=\"noopener nofollow\" class=\"external external_icon\">&nbsp;<\/a><\/p>\n","protected":false},"excerpt":{"rendered":"<p>&nbsp; &nbsp; PLUi, contexte et objectifs Face aux enjeux d\u2019am\u00e9nagement et de planification \u00e0 moyen terme de notre territoire, un Plan Local d\u2019Urbanisme intercommunal (PLUi) a \u00e9t\u00e9 prescrit en 2015 sur le territoire de l\u2019ex Communaut\u00e9 de Communes du Plateau de Martainville. Initi\u00e9e au&nbsp;printemps 2017 par la Communaut\u00e9 de Communes nomm\u00e9e Inter Caux Vexin (CCICV) [&hellip;]<\/p>\n","protected":false},"author":1,"featured_media":0,"parent":145,"menu_order":0,"comment_status":"closed","ping_status":"closed","template":"","meta":{"ngg_post_thumbnail":0,"footnotes":""},"class_list":["post-6923","page","type-page","status-publish","hentry"],"_links":{"self":[{"href":"https:\/\/www.auzouvillesurry.fr\/wordpress\/wp-json\/wp\/v2\/pages\/6923","targetHints":{"allow":["GET"]}}],"collection":[{"href":"https:\/\/www.auzouvillesurry.fr\/wordpress\/wp-json\/wp\/v2\/pages"}],"about":[{"href":"https:\/\/www.auzouvillesurry.fr\/wordpress\/wp-json\/wp\/v2\/types\/page"}],"author":[{"embeddable":true,"href":"https:\/\/www.auzouvillesurry.fr\/wordpress\/wp-json\/wp\/v2\/users\/1"}],"replies":[{"embeddable":true,"href":"https:\/\/www.auzouvillesurry.fr\/wordpress\/wp-json\/wp\/v2\/comments?post=6923"}],"version-history":[{"count":7,"href":"https:\/\/www.auzouvillesurry.fr\/wordpress\/wp-json\/wp\/v2\/pages\/6923\/revisions"}],"predecessor-version":[{"id":11338,"href":"https:\/\/www.auzouvillesurry.fr\/wordpress\/wp-json\/wp\/v2\/pages\/6923\/revisions\/11338"}],"up":[{"embeddable":true,"href":"https:\/\/www.auzouvillesurry.fr\/wordpress\/wp-json\/wp\/v2\/pages\/145"}],"wp:attachment":[{"href":"https:\/\/www.auzouvillesurry.fr\/wordpress\/wp-json\/wp\/v2\/media?parent=6923"}],"curies":[{"name":"wp","href":"https:\/\/api.w.org\/{rel}","templated":true}]}}