{"id":5330,"date":"2016-08-23T07:46:57","date_gmt":"2016-08-23T06:46:57","guid":{"rendered":"http:\/\/www.auzouvillesurry.fr\/wordpress\/?page_id=5330"},"modified":"2017-11-07T14:10:25","modified_gmt":"2017-11-07T13:10:25","slug":"marche-festif-2015","status":"publish","type":"page","link":"https:\/\/www.auzouvillesurry.fr\/wordpress\/vie-associative\/marche-festif-2015\/","title":{"rendered":"March\u00e9 festif 2015"},"content":{"rendered":"<p>Le <strong>vendredi <span id=\"OBJ_PREFIX_DWT47_com_zimbra_date\" class=\"Object\"><span id=\"OBJ_PREFIX_DWT48_com_zimbra_date\" class=\"Object\"><span id=\"OBJ_PREFIX_DWT51_com_zimbra_date\" class=\"Object\">26 juin 2015<\/span><\/span><\/span><\/strong> soir\u00e9e festive<\/p>\n<p>Affluence record pour cette soir\u00e9e tr\u00e8s r\u00e9ussie.<\/p>ngg_shortcode_0_placeholder","protected":false},"excerpt":{"rendered":"<p>Le vendredi 26 juin 2015 soir\u00e9e festive Affluence record pour cette soir\u00e9e tr\u00e8s r\u00e9ussie.<\/p>\n","protected":false},"author":1,"featured_media":0,"parent":7,"menu_order":15,"comment_status":"closed","ping_status":"open","template":"","meta":{"ngg_post_thumbnail":0,"footnotes":""},"class_list":["post-5330","page","type-page","status-publish","hentry"],"_links":{"self":[{"href":"https:\/\/www.auzouvillesurry.fr\/wordpress\/wp-json\/wp\/v2\/pages\/5330","targetHints":{"allow":["GET"]}}],"collection":[{"href":"https:\/\/www.auzouvillesurry.fr\/wordpress\/wp-json\/wp\/v2\/pages"}],"about":[{"href":"https:\/\/www.auzouvillesurry.fr\/wordpress\/wp-json\/wp\/v2\/types\/page"}],"author":[{"embeddable":true,"href":"https:\/\/www.auzouvillesurry.fr\/wordpress\/wp-json\/wp\/v2\/users\/1"}],"replies":[{"embeddable":true,"href":"https:\/\/www.auzouvillesurry.fr\/wordpress\/wp-json\/wp\/v2\/comments?post=5330"}],"version-history":[{"count":1,"href":"https:\/\/www.auzouvillesurry.fr\/wordpress\/wp-json\/wp\/v2\/pages\/5330\/revisions"}],"predecessor-version":[{"id":5331,"href":"https:\/\/www.auzouvillesurry.fr\/wordpress\/wp-json\/wp\/v2\/pages\/5330\/revisions\/5331"}],"up":[{"embeddable":true,"href":"https:\/\/www.auzouvillesurry.fr\/wordpress\/wp-json\/wp\/v2\/pages\/7"}],"wp:attachment":[{"href":"https:\/\/www.auzouvillesurry.fr\/wordpress\/wp-json\/wp\/v2\/media?parent=5330"}],"curies":[{"name":"wp","href":"https:\/\/api.w.org\/{rel}","templated":true}]}}

Marché festif 2015

<p>Le <strong>vendredi <span id="OBJ_PREFIX_DWT47_com_zimbra_date" class="Object"><span id="OBJ_PREFIX_DWT48_com_zimbra_date" class="Object"><span id="OBJ_PREFIX_DWT51_com_zimbra_date" class="Object">26 juin 2015</span></span></span></strong> soirée festive</p>
<p>Affluence record pour cette soirée très réussie.</p>ngg_shortcode_0_placeholder

<p>Le vendredi 26 juin 2015 soirée festive Affluence record pour cette soirée très réussie.</p>
