{"id":48,"date":"2014-12-10T18:00:55","date_gmt":"2014-12-10T17:00:55","guid":{"rendered":"http:\/\/www.auzouvillesurry.fr\/wordpress\/?page_id=48"},"modified":"2020-05-10T18:19:28","modified_gmt":"2020-05-10T17:19:28","slug":"leglise","status":"publish","type":"page","link":"https:\/\/www.auzouvillesurry.fr\/wordpress\/histoire-et-patrimoine\/leglise\/","title":{"rendered":"L&rsquo;\u00e9glise"},"content":{"rendered":"<p style=\"text-align: left;\"><a href=\"https:\/\/www.auzouvillesurry.fr\/wordpress\/wp-content\/uploads\/Photos auzouville\/\u00e9glise-Auzouville-site.jpg\"><img loading=\"lazy\" decoding=\"async\" class=\"  alignleft wp-image-417\" title=\"L'\u00e9glise\" src=\"https:\/\/www.auzouvillesurry.fr\/wordpress\/wp-content\/uploads\/Photos auzouville\/\u00e9glise-Auzouville-site-226x300.jpg\" alt=\"\u00e9glise Auzouville [site]\" width=\"151\" height=\"200\" srcset=\"https:\/\/www.auzouvillesurry.fr\/wordpress\/wp-content\/uploads\/Photos%20auzouville\/\u00e9glise-Auzouville-site-226x300.jpg 226w, https:\/\/www.auzouvillesurry.fr\/wordpress\/wp-content\/uploads\/Photos%20auzouville\/\u00e9glise-Auzouville-site.jpg 381w\" sizes=\"auto, (max-width: 151px) 100vw, 151px\" \/><\/a>L&rsquo;\u00e9glise paroissiale Notre Dame est marqu\u00e9e par des p\u00e9riodes de constructions diff\u00e9rentes&nbsp;: 11\u00e8me, 18\u00e8me et 19\u00e8me si\u00e8cle.<br \/>\nLe gros \u0153uvre est compos\u00e9 de briques, bois, pan de bois, gr\u00e8s et silex.<br \/>\nLa couverture d&rsquo;ardoises est compos\u00e9e de toits \u00e0 longs pans, fl\u00e8che polygonale, d&rsquo;une croupe, et d&rsquo;un pignon couvert .<br \/>\nL&rsquo;\u00e9difice est situ\u00e9 au sein d&rsquo;un cimeti\u00e8re entour\u00e9 de solides murs en gr\u00e8s au milieu duquel tr\u00f4ne une grande croix.<br \/>\nSon clocher octogonal est l&rsquo;un des plus \u00e9lev\u00e9 des environs, le cadran de son horloge date de 1889.<a href=\"https:\/\/www.auzouvillesurry.fr\/wordpress\/wp-content\/uploads\/Photos auzouville\/DSC06396-site.jpg\"><img loading=\"lazy\" decoding=\"async\" class=\"  alignright wp-image-416\" title=\"Le clocher\" src=\"https:\/\/www.auzouvillesurry.fr\/wordpress\/wp-content\/uploads\/Photos auzouville\/DSC06396-site-300x201.jpg\" alt=\"DSC06396 [site]\" width=\"237\" height=\"159\" srcset=\"https:\/\/www.auzouvillesurry.fr\/wordpress\/wp-content\/uploads\/Photos%20auzouville\/DSC06396-site-300x201.jpg 300w, https:\/\/www.auzouvillesurry.fr\/wordpress\/wp-content\/uploads\/Photos%20auzouville\/DSC06396-site.jpg 568w\" sizes=\"auto, (max-width: 237px) 100vw, 237px\" \/><\/a> Il est \u00e9quip\u00e9 de 3 cloches&nbsp;:<\/p>\n<p>une cloche de 447 Kg.<br \/>\nune de 310 Kg.<br \/>\net la troisi\u00e8me de 715 kg.<\/p>\n<p>L&rsquo;\u00e9glise d&rsquo;Auzouville sur Ry date pour les parties les plus anciennes du XI<sup>e<\/sup> si\u00e8cle, situ\u00e9es dans le ch\u0153ur, notamment des modillons d\u00e9truits ensuite. Le reste du ch\u0153ur daterait probablement du XVII<sup>e<\/sup> si\u00e8cle. La nef, construite au milieu du XVIII<sup>e<\/sup> si\u00e8cle, est introduite par un porche dat\u00e9 de 1828.&nbsp;La derni\u00e8re campagne de construction de l&rsquo;\u00e9glise se concentre sur&nbsp;la sacristie, dat\u00e9e de 1854.<span style=\"color: #000000;\"> La construction a donc \u00e9t\u00e9 progressive et intermittente.<br \/>\nA l&rsquo;int\u00e9rieur on peut d\u00e9couvrir le retable \u00ab\u00a0Assomption de la Vierge\u00a0\u00bb dans son cadre sculpt\u00e9 et dor\u00e9 datant du XVII, \u00e0 sa droite la statue de Saint Blaise (\u00e9v\u00eaque du III<sup>e<\/sup> si\u00e8cle invoqu\u00e9 pour les maladies de gorge).<br \/>\nAu revers de la trav\u00e9e sous clocher les statues de Saint Joseph et Saint Jean Baptiste.<br \/>\nLes vitraux sont dat\u00e9s de 1873.<br \/>\nLa poutre de gloire est compos\u00e9e d&rsquo;\u00e9l\u00e9ments de t\u00f4le emboutie repr\u00e9sentant des fleurons plac\u00e9s de part t d&rsquo;autres d&rsquo;une barre m\u00e9tallique, le tout&nbsp; l&rsquo;horizontale.<br \/>\nUne pierre d&rsquo;obit, situ\u00e9 sur la structure qui supporte le clocher et grav\u00e9e en majuscules peintes, rappelle la fondation en 1723 d&rsquo;une messe hebdomadaire d\u00e9di\u00e9e \u00e0 la m\u00e9moire d&rsquo;un ancien cur\u00e9, Cette messe \u00ab\u00a0est sonn\u00e9e \u00e0 la grosse cloche\u00a0\u00bb<\/span><\/p>\n<p>L&rsquo;\u00e9glise a abrit\u00e9 des dalles tumulaires issues de <a title=\"l'abbaye de l'Isle-Dieu\" href=\"http:\/\/fr.wikipedia.org\/wiki\/Abbaye_de_l%27Isle-Dieu\" target=\"_blank\" rel=\"noopener nofollow\" class=\"external external_icon\"> l&rsquo;abbaye de l&rsquo;Isle-Dieu<\/a> actuellement au mus\u00e9e des antiquit\u00e9s de Rouen.<br \/>\n<a href=\"https:\/\/www.auzouvillesurry.fr\/wordpress\/?page_id=9421\">Julie et Charlotte vous donnent l&rsquo;heure trois fois par jour<\/a><\/p>ngg_shortcode_0_placeholder<p>&nbsp;<\/p>\n<p>&nbsp;<\/p>\n","protected":false},"excerpt":{"rendered":"<p>L&rsquo;\u00e9glise paroissiale Notre Dame est marqu\u00e9e par des p\u00e9riodes de constructions diff\u00e9rentes&nbsp;: 11\u00e8me, 18\u00e8me et 19\u00e8me si\u00e8cle. Le gros \u0153uvre est compos\u00e9 de briques, bois, pan de bois, gr\u00e8s et silex. La couverture d&rsquo;ardoises est compos\u00e9e de toits \u00e0 longs pans, fl\u00e8che polygonale, d&rsquo;une croupe, et d&rsquo;un pignon couvert . L&rsquo;\u00e9difice est situ\u00e9 au sein [&hellip;]<\/p>\n","protected":false},"author":1,"featured_media":0,"parent":287,"menu_order":0,"comment_status":"closed","ping_status":"open","template":"","meta":{"ngg_post_thumbnail":0,"footnotes":""},"class_list":["post-48","page","type-page","status-publish","hentry"],"_links":{"self":[{"href":"https:\/\/www.auzouvillesurry.fr\/wordpress\/wp-json\/wp\/v2\/pages\/48","targetHints":{"allow":["GET"]}}],"collection":[{"href":"https:\/\/www.auzouvillesurry.fr\/wordpress\/wp-json\/wp\/v2\/pages"}],"about":[{"href":"https:\/\/www.auzouvillesurry.fr\/wordpress\/wp-json\/wp\/v2\/types\/page"}],"author":[{"embeddable":true,"href":"https:\/\/www.auzouvillesurry.fr\/wordpress\/wp-json\/wp\/v2\/users\/1"}],"replies":[{"embeddable":true,"href":"https:\/\/www.auzouvillesurry.fr\/wordpress\/wp-json\/wp\/v2\/comments?post=48"}],"version-history":[{"count":36,"href":"https:\/\/www.auzouvillesurry.fr\/wordpress\/wp-json\/wp\/v2\/pages\/48\/revisions"}],"predecessor-version":[{"id":13174,"href":"https:\/\/www.auzouvillesurry.fr\/wordpress\/wp-json\/wp\/v2\/pages\/48\/revisions\/13174"}],"up":[{"embeddable":true,"href":"https:\/\/www.auzouvillesurry.fr\/wordpress\/wp-json\/wp\/v2\/pages\/287"}],"wp:attachment":[{"href":"https:\/\/www.auzouvillesurry.fr\/wordpress\/wp-json\/wp\/v2\/media?parent=48"}],"curies":[{"name":"wp","href":"https:\/\/api.w.org\/{rel}","templated":true}]}}