{"id":388,"date":"2014-12-22T16:12:46","date_gmt":"2014-12-22T15:12:46","guid":{"rendered":"http:\/\/www.auzouvillesurry.fr\/wordpress\/?page_id=388"},"modified":"2022-11-02T20:03:54","modified_gmt":"2022-11-02T19:03:54","slug":"mentions-legales","status":"publish","type":"page","link":"https:\/\/www.auzouvillesurry.fr\/wordpress\/mentions-legales\/","title":{"rendered":"Mentions l\u00e9gales"},"content":{"rendered":"<p align=\"LEFT\"><strong><span style=\"font-family: Times New Roman,serif;\"><span style=\"font-size: medium;\">Raison sociale :<\/span><\/span><\/strong><span style=\"font-family: Times New Roman,serif;\"><span style=\"font-size: medium;\"> Mairie d&rsquo;AUZOUVILLE SUR RY<\/span><\/span><br \/>\n<strong><span style=\"font-family: Times New Roman,serif;\"><span style=\"font-size: medium;\">Forme juridique :<\/span><\/span><\/strong><span style=\"font-family: Times New Roman,serif;\"><span style=\"font-size: medium;\"> Collectivit\u00e9 territoriale<\/span><\/span><br \/>\n<strong><span style=\"font-family: Times New Roman,serif;\"><span style=\"font-size: medium;\">Directeur de la publication :<\/span><\/span><\/strong><span style=\"font-family: Times New Roman,serif;\"><span style=\"font-size: medium;\"> Le Maire<\/span><\/span><br \/>\n<strong><span style=\"font-family: Times New Roman,serif;\"><span style=\"font-size: medium;\">Adresse postale : 84 chemin de la C\u00f4te<br \/>\n76116 AUZOUVILLE SUR RY<\/span><\/span><\/strong><br \/>\n<span style=\"font-family: Times New Roman,serif;\"><b>T\u00e9l :<\/b><\/span><span style=\"font-family: Times New Roman,serif;\"><span style=\"font-size: medium;\"> 02.35.23.40.67&nbsp;&nbsp;<\/span><\/span><br \/>\n<strong><span style=\"font-family: Times New Roman,serif;\"><span style=\"font-size: medium;\">Mail :<\/span><\/span><\/strong><span style=\"font-family: Times New Roman,serif;\"><span style=\"font-size: medium;\"> mairie-sg.auzouville.sur.ry@wanadoo.fr<br \/>\n<b>SIRET&nbsp;:<\/b><\/span><span style=\"font-size: medium;\"> 217600469 00019<\/span><\/span><br \/>\n<strong><span style=\"font-family: Times New Roman,serif;\"><span style=\"font-size: medium;\">Code APE:<\/span><\/span><\/strong><span style=\"font-family: Times New Roman,serif;\"><span style=\"font-size: medium;\"> 8411Z <\/span><\/span><\/p>\n<p align=\"LEFT\"><strong><span style=\"font-family: Times New Roman,serif;\"><span style=\"font-size: medium;\">Les conditions g\u00e9n\u00e9rales d&rsquo;utilisation du service<\/span><\/span><\/strong><br \/>\n<span style=\"font-family: Times New Roman,serif;\"><span style=\"font-size: medium;\">Le site www.auzouvillesurry.fr propose un contenu d&rsquo;informations dans un seul but documentaire et \u00e0 titre indicatif. Les utilisateurs sont invit\u00e9s par l&rsquo;\u00e9diteur \u00e0 exploiter ces informations avec un esprit critique et discernement.<br \/>\nL&rsquo;ensemble de ce site rel\u00e8ve des l\u00e9gislations fran\u00e7aises et internationales sur le droit d&rsquo;auteur et la propri\u00e9t\u00e9 intellectuelle. Tous les droits de reproduction sont r\u00e9serv\u00e9s, y compris pour les documents iconographiques et photographiques.<\/span><\/span><\/p>\n<p align=\"LEFT\"><span style=\"font-family: Times New Roman,serif;\"><span style=\"font-size: medium;\"><b>Contenus<\/b><br \/>\nLes textes, images, photographies, documents, ainsi que toutes \u0153uvres int\u00e9gr\u00e9es dans le site sont la propri\u00e9t\u00e9 de la Mairie ou de tiers ayant autoris\u00e9 la Mairie \u00e0 les utiliser.<br \/>\nL&rsquo;usage de tout ou partie du Site, notamment par extraction, t\u00e9l\u00e9chargement, reproduction, transmission, \u00ab\u00a0reverse engineering\u00a0\u00bb, d\u00e9compilation, d\u00e9sassemblage, repr\u00e9sentation ou diffusion \u00e0 d&rsquo;autres fins que pour l&rsquo;usage personnel et priv\u00e9 dans un but non commercial de l&rsquo;internaute est strictement interdit. La violation de ces dispositions soumet son auteur aux sanctions pr\u00e9vues tant par le Code de la propri\u00e9t\u00e9 intellectuelle au titre notamment de la contrefa\u00e7on de droits d&rsquo;auteur (articles L.335-3 et suivants), de droit des marques (articles L.716-9 et suivants) que par le Code civil en mati\u00e8re de responsabilit\u00e9 civile (article 9, articles 1382 et suivants).<br \/>\n<span style=\"font-size: medium;\">Les services de la Mairie en charge des mises \u00e0 jour et de l\u2019animation du site mettent tout en \u0153uvre pour vous offrir des informations claires, d\u00e9taill\u00e9es et fiables. Cependant, si malgr\u00e9 toute l\u2019attention port\u00e9e \u00e0 la gestion de ces contenus par nos services vous deviez constater des inexactitudes, des manques d\u2019informations ou des erreurs, nous vous invitons \u00e0 en informer la Mairie, par courrier \u00e9lectronique ou bien par courrier postal.<\/span><\/span><\/span><\/p>\n<p align=\"LEFT\"><strong><span style=\"font-family: Times New Roman,serif;\"><span style=\"font-size: medium;\">Liens hypertextes vers des sites tiers<\/span><\/span><\/strong><br \/>\n<span style=\"font-family: Times New Roman,serif;\"><span style=\"font-size: medium;\">Le site propose des liens hypertextes pointant vers des sites Internet \u00e9dit\u00e9s par des tiers. La mise en place de ces liens ne signifie pas l&rsquo;approbation par l&rsquo;\u00e9diteur du contenu des dits sites. La commune ne peut pas r\u00e9aliser en permanence un contr\u00f4le du contenu de ces sites, et ne peut donc garantir :<br \/>\n&#8211; l&rsquo;exactitude, la fiabilit\u00e9, la pertinence, la mise \u00e0 jour, ou l&rsquo;exhaustivit\u00e9 de leur contenu,<br \/>\n&#8211; leur acc\u00e8s et leur bon fonctionnement technique.<br \/>\nPar cons\u00e9quent, la responsabilit\u00e9 de la commune ne pourra \u00eatre retenue en cas d&rsquo;\u00e9ventuel litige entre un site r\u00e9f\u00e9renc\u00e9 sur le site et un utilisateur. Seule la responsabilit\u00e9 des \u00e9diteurs des sites r\u00e9f\u00e9renc\u00e9s sur le site pourra \u00eatre engag\u00e9e.<\/span><\/span><\/p>\n<p align=\"LEFT\"><strong><span style=\"font-family: Times New Roman,serif;\"><span style=\"font-size: medium;\">La protection de la vie priv\u00e9e et des donn\u00e9es personnelles<\/span><\/span><\/strong><span style=\"font-family: Times New Roman,serif;\"><span style=\"font-size: medium;\"><br \/>\nLe site collecte les informations personnelles fournies par les utilisateurs \u00e0 l&rsquo;occasion de leur visite sur le site. Cette collecte permet :<br \/>\n-l&rsquo;\u00e9tablissement de statistiques g\u00e9n\u00e9rales du trafic sur le site,<br \/>\n-la collecte et le traitement des informations personnelles sur Internet doivent se faire dans le respect des droits fondamentaux des personnes. Par cons\u00e9quent, la commune s&rsquo;engage \u00e0 une politique de traitement en conformit\u00e9 avec la loi n\u00b078-17 du 6 janvier 1978 relative \u00e0 l&rsquo;informatique, aux fichiers et aux libert\u00e9s. Par ailleurs, toujours au titre de ladite loi, tout utilisateur du site dispose d&rsquo;un droit d&rsquo;acc\u00e8s, modification, de rectification ou de suppression aux donn\u00e9es personnelles le concernant. Il peut exercer ces droits en contactant la mairie aux coordonn\u00e9es indiqu\u00e9es ci-dessus.<br \/>\nLes ordinateurs se connectant aux serveurs du site re\u00e7oivent sur leur disque dur un ou plusieurs fichiers au format texte tr\u00e8s l\u00e9gers appel\u00e9s commun\u00e9ment \u00ab\u00a0Cookies\u00a0\u00bb. Les cookies enregistrent des informations relatives \u00e0 la navigation sur le site effectu\u00e9e \u00e0 partir de l&rsquo;ordinateur sur lequel est stock\u00e9 le \u00ab\u00a0cookie\u00a0\u00bb (les pages consult\u00e9es, la date et l&rsquo;heure de la consultation, etc.). Ils permettent d&rsquo;identifier les visites successives faites \u00e0 partir d&rsquo;un m\u00eame ordinateur.<br \/>\nLes personnes connect\u00e9es au site ont la libert\u00e9 de s&rsquo;opposer \u00e0 l&rsquo;enregistrement de \u00ab\u00a0cookies\u00a0\u00bb. Pour se faire, elles peuvent employer les fonctionnalit\u00e9s correspondantes sur leur navigateur.<\/span><\/span><\/p>\n<p align=\"LEFT\"><strong><span style=\"font-family: Times New Roman,serif;\"><span style=\"font-size: medium;\">La disponibilit\u00e9 des services<\/span><\/span><\/strong><br \/>\n<span style=\"font-family: Times New Roman,serif;\"><span style=\"font-size: medium;\">La commune ou l&rsquo;h\u00e9bergeur peuvent suspendre l&rsquo;acc\u00e8s sans pr\u00e9avis, notamment pour des raisons de maintenance et de mises \u00e0 niveau, sans \u00eatre en aucun cas responsable des \u00e9ventuels pr\u00e9judices qui peuvent en d\u00e9couler pour l&rsquo;utilisateur ou tout tiers.<br \/>\nLa commune peut \u00e0 tout moment supprimer tout ou partie de ses services ou en modifier leur teneur notamment pour des raisons techniques, et cela sans pr\u00e9avis.<\/span><\/span><\/p>\n<p align=\"LEFT\"><strong><span style=\"font-family: Times New Roman,serif;\"><span style=\"font-size: medium;\">Conception \/ R\u00e9alisation \/ Int\u00e9gration \/ R\u00e9f\u00e9rencement<\/span><\/span><\/strong><br \/>\n<span style=\"font-family: Times New Roman,serif;\"><span style=\"font-size: medium;\">Le pr\u00e9sent site est r\u00e9alis\u00e9 avec le logiciel WORDPRESS, par les \u00e9lus, le personnel et les membres des associations.<\/span><\/span><\/p>\n<p align=\"LEFT\"><strong><span style=\"font-family: Times New Roman,serif;\"><span style=\"font-size: medium;\">H\u00e9bergement<\/span><\/span><\/strong><br \/>\n<span style=\"font-family: Times New Roman,serif;\"><span style=\"font-size: medium;\">OVH<br \/>\n2 rue Kellermann<br \/>\n59100 ROUBAIX <\/span><\/span><\/p>\n","protected":false},"excerpt":{"rendered":"<p>Raison sociale : Mairie d&rsquo;AUZOUVILLE SUR RY Forme juridique : Collectivit\u00e9 territoriale Directeur de la publication : Le Maire Adresse postale : 84 chemin de la C\u00f4te 76116 AUZOUVILLE SUR RY T\u00e9l : 02.35.23.40.67&nbsp;&nbsp; Mail : mairie-sg.auzouville.sur.ry@wanadoo.fr SIRET&nbsp;: 217600469 00019 Code APE: 8411Z Les conditions g\u00e9n\u00e9rales d&rsquo;utilisation du service Le site www.auzouvillesurry.fr propose un contenu [&hellip;]<\/p>\n","protected":false},"author":1,"featured_media":0,"parent":0,"menu_order":9999,"comment_status":"closed","ping_status":"closed","template":"","meta":{"ngg_post_thumbnail":0,"footnotes":""},"class_list":["post-388","page","type-page","status-publish","hentry"],"_links":{"self":[{"href":"https:\/\/www.auzouvillesurry.fr\/wordpress\/wp-json\/wp\/v2\/pages\/388","targetHints":{"allow":["GET"]}}],"collection":[{"href":"https:\/\/www.auzouvillesurry.fr\/wordpress\/wp-json\/wp\/v2\/pages"}],"about":[{"href":"https:\/\/www.auzouvillesurry.fr\/wordpress\/wp-json\/wp\/v2\/types\/page"}],"author":[{"embeddable":true,"href":"https:\/\/www.auzouvillesurry.fr\/wordpress\/wp-json\/wp\/v2\/users\/1"}],"replies":[{"embeddable":true,"href":"https:\/\/www.auzouvillesurry.fr\/wordpress\/wp-json\/wp\/v2\/comments?post=388"}],"version-history":[{"count":9,"href":"https:\/\/www.auzouvillesurry.fr\/wordpress\/wp-json\/wp\/v2\/pages\/388\/revisions"}],"predecessor-version":[{"id":11290,"href":"https:\/\/www.auzouvillesurry.fr\/wordpress\/wp-json\/wp\/v2\/pages\/388\/revisions\/11290"}],"wp:attachment":[{"href":"https:\/\/www.auzouvillesurry.fr\/wordpress\/wp-json\/wp\/v2\/media?parent=388"}],"curies":[{"name":"wp","href":"https:\/\/api.w.org\/{rel}","templated":true}]}}