{"id":12013,"date":"2023-06-10T17:25:45","date_gmt":"2023-06-10T16:25:45","guid":{"rendered":"https:\/\/www.auzouvillesurry.fr\/wordpress\/?page_id=12013"},"modified":"2023-07-05T19:31:14","modified_gmt":"2023-07-05T18:31:14","slug":"petite-chronique-paroissiale-1895-1907","status":"publish","type":"page","link":"https:\/\/www.auzouvillesurry.fr\/wordpress\/petite-chronique-paroissiale-1895-1907\/","title":{"rendered":"Petite chronique paroissiale 1895-1907"},"content":{"rendered":"\n<p><\/p><p><\/p><p><\/p><p><\/p><p><\/p><p> Petits ou grands faits touchant la paroisse d&rsquo;Auzouville sur Ry depuis 1735.<br \/>Ces diverses donn\u00e9es ont \u00e9t\u00e9 glan\u00e9es sur le site des archives d\u00e9partementales de la Seine Maritime (<a rel=\"noreferrer noopener nofollow\" href=\"https:\/\/www.archivesdepartementales76.net\/\" target=\"_blank\" class=\"external external_icon\">https:\/\/www.archivesdepartementales76.net\/<\/a>)&nbsp;ou de la biblioth\u00e8que Nationale de France (<a rel=\"noreferrer noopener nofollow\" href=\"https:\/\/gallica.bnf.fr\/\" target=\"_blank\" class=\"external external_icon\">https:\/\/gallica.bnf.fr\/<\/a>).<br \/>Si vous avez des informations pouvant compl\u00e9ter le sujet n&rsquo;h\u00e9sitez pas \u00e0 les communiquer \u00e0 la mairie pour que nous puissions enrichir cet article.<\/p>    <p>Les chroniques pr\u00e9c\u00e9dentes:<\/p><p><a rel=\"noreferrer noopener\" style=\"font-size: revert;\" href=\"https:\/\/www.auzouvillesurry.fr\/wordpress\/wp-admin\/post.php?post=11624&amp;action=edit\" target=\"_blank\">Chronique 1735-1794<\/a><span style=\"font-size: revert; color: initial;\"> <\/span> <\/p><p><a href=\"https:\/\/www.auzouvillesurry.fr\/wordpress\/wp-admin\/post.php?post=11634&amp;action=edit\">Chronique 1836-1871<\/a><span style=\"font-size: revert; color: initial;\"> <\/span> <\/p><p><a href=\"https:\/\/www.auzouvillesurry.fr\/wordpress\/petite-chronique-paroissiale-1871-1892\/\">Chronique 1871-1892<\/a><\/p>\n\n\n\n<p><strong>14 septembre 1895<\/strong><\/p>\n\n\n\n<p>D\u00e9c\u00e8s de Edouard Fr\u00e9d\u00e9ric Jullien abb\u00e9 n\u00e8 \u00e0 Auzouville<\/p>\n\n\n\n<figure class=\"wp-block-image size-full\"><img loading=\"lazy\" decoding=\"async\" width=\"768\" height=\"200\" src=\"https:\/\/www.auzouvillesurry.fr\/wordpress\/wp-content\/uploads\/2023\/04\/image-9.png\" alt=\"\" class=\"wp-image-12015\" srcset=\"https:\/\/www.auzouvillesurry.fr\/wordpress\/wp-content\/uploads\/2023\/04\/image-9.png 768w, https:\/\/www.auzouvillesurry.fr\/wordpress\/wp-content\/uploads\/2023\/04\/image-9-300x78.png 300w\" sizes=\"auto, (max-width: 768px) 100vw, 768px\" \/><\/figure>\n\n\n\n<p>Extrait de \u00ab\u00a0la semaine religieuse du dioc\u00e8se de Rouen\u00a0\u00bb<\/p>\n\n\n\n<p><strong>08 f\u00e9vrier 1896<\/strong><\/p>\n\n\n\n<p>tentative de vol dans l\u2019\u00e9glise<\/p>\n\n\n\n<figure class=\"wp-block-image size-full\"><img loading=\"lazy\" decoding=\"async\" width=\"653\" height=\"375\" src=\"https:\/\/www.auzouvillesurry.fr\/wordpress\/wp-content\/uploads\/2023\/04\/image-10.png\" alt=\"\" class=\"wp-image-12016\" srcset=\"https:\/\/www.auzouvillesurry.fr\/wordpress\/wp-content\/uploads\/2023\/04\/image-10.png 653w, https:\/\/www.auzouvillesurry.fr\/wordpress\/wp-content\/uploads\/2023\/04\/image-10-300x172.png 300w\" sizes=\"auto, (max-width: 653px) 100vw, 653px\" \/><\/figure>\n\n\n\n<p>Extrait de \u00ab\u00a0la semaine religieuse du dioc\u00e8se de Rouen\u00a0\u00bb<\/p>\n\n\n\n<p><strong>27 mars 1897<\/strong><\/p>\n\n\n\n<p>D\u00e9c\u00e8s de Pierre Adolphe Caron abb\u00e9 n\u00e9 \u00e0 Auzouville<\/p>\n\n\n\n<figure class=\"wp-block-image size-full\"><img loading=\"lazy\" decoding=\"async\" width=\"721\" height=\"221\" src=\"https:\/\/www.auzouvillesurry.fr\/wordpress\/wp-content\/uploads\/2023\/04\/image-11.png\" alt=\"\" class=\"wp-image-12017\" srcset=\"https:\/\/www.auzouvillesurry.fr\/wordpress\/wp-content\/uploads\/2023\/04\/image-11.png 721w, https:\/\/www.auzouvillesurry.fr\/wordpress\/wp-content\/uploads\/2023\/04\/image-11-300x92.png 300w\" sizes=\"auto, (max-width: 721px) 100vw, 721px\" \/><\/figure>\n\n\n\n<p>Extrait de \u00ab\u00a0la semaine religieuse du dioc\u00e8se de Rouen\u00a0\u00bb<\/p>\n\n\n\n<p><strong>15 d\u00e9cembre 1899<\/strong><\/p>\n\n\n\n<p>Dons pour la famine dans l\u2019inde Fran\u00e7aise<\/p>\n\n\n\n<figure class=\"wp-block-image size-full\"><img loading=\"lazy\" decoding=\"async\" width=\"758\" height=\"431\" src=\"https:\/\/www.auzouvillesurry.fr\/wordpress\/wp-content\/uploads\/2023\/04\/image-12.png\" alt=\"\" class=\"wp-image-12018\" srcset=\"https:\/\/www.auzouvillesurry.fr\/wordpress\/wp-content\/uploads\/2023\/04\/image-12.png 758w, https:\/\/www.auzouvillesurry.fr\/wordpress\/wp-content\/uploads\/2023\/04\/image-12-300x171.png 300w\" sizes=\"auto, (max-width: 758px) 100vw, 758px\" \/><\/figure>\n\n\n\n<p>Extrait de \u00ab\u00a0la semaine religieuse du dioc\u00e8se de Rouen\u00a0\u00bb<\/p>\n\n\n\n<p><strong>12 octobre 1901<\/strong><\/p>\n\n\n\n<p>B\u00e9n\u00e9diction de la troisi\u00e8me cloche <\/p>\n\n\n\n<figure class=\"wp-block-image size-full\"><img loading=\"lazy\" decoding=\"async\" width=\"707\" height=\"158\" src=\"https:\/\/www.auzouvillesurry.fr\/wordpress\/wp-content\/uploads\/2023\/05\/image.png\" alt=\"\" class=\"wp-image-12036\" srcset=\"https:\/\/www.auzouvillesurry.fr\/wordpress\/wp-content\/uploads\/2023\/05\/image.png 707w, https:\/\/www.auzouvillesurry.fr\/wordpress\/wp-content\/uploads\/2023\/05\/image-300x67.png 300w\" sizes=\"auto, (max-width: 707px) 100vw, 707px\" \/><\/figure>\n\n\n\n<figure class=\"wp-block-image size-full\"><img loading=\"lazy\" decoding=\"async\" width=\"743\" height=\"326\" src=\"https:\/\/www.auzouvillesurry.fr\/wordpress\/wp-content\/uploads\/2023\/05\/image-1.png\" alt=\"\" class=\"wp-image-12037\" srcset=\"https:\/\/www.auzouvillesurry.fr\/wordpress\/wp-content\/uploads\/2023\/05\/image-1.png 743w, https:\/\/www.auzouvillesurry.fr\/wordpress\/wp-content\/uploads\/2023\/05\/image-1-300x132.png 300w\" sizes=\"auto, (max-width: 743px) 100vw, 743px\" \/><\/figure>\n\n\n\n<figure class=\"wp-block-image size-full\"><img loading=\"lazy\" decoding=\"async\" width=\"721\" height=\"198\" src=\"https:\/\/www.auzouvillesurry.fr\/wordpress\/wp-content\/uploads\/2023\/05\/image-5.png\" alt=\"\" class=\"wp-image-12041\" srcset=\"https:\/\/www.auzouvillesurry.fr\/wordpress\/wp-content\/uploads\/2023\/05\/image-5.png 721w, https:\/\/www.auzouvillesurry.fr\/wordpress\/wp-content\/uploads\/2023\/05\/image-5-300x82.png 300w\" sizes=\"auto, (max-width: 721px) 100vw, 721px\" \/><\/figure>\n\n\n\n<figure class=\"wp-block-image size-full\"><img loading=\"lazy\" decoding=\"async\" width=\"744\" height=\"309\" src=\"https:\/\/www.auzouvillesurry.fr\/wordpress\/wp-content\/uploads\/2023\/05\/image-3.png\" alt=\"\" class=\"wp-image-12039\" srcset=\"https:\/\/www.auzouvillesurry.fr\/wordpress\/wp-content\/uploads\/2023\/05\/image-3.png 744w, https:\/\/www.auzouvillesurry.fr\/wordpress\/wp-content\/uploads\/2023\/05\/image-3-300x125.png 300w\" sizes=\"auto, (max-width: 744px) 100vw, 744px\" \/><\/figure>\n\n\n\n<figure class=\"wp-block-image size-full\"><img loading=\"lazy\" decoding=\"async\" width=\"722\" height=\"285\" src=\"https:\/\/www.auzouvillesurry.fr\/wordpress\/wp-content\/uploads\/2023\/05\/image-6.png\" alt=\"\" class=\"wp-image-12042\" srcset=\"https:\/\/www.auzouvillesurry.fr\/wordpress\/wp-content\/uploads\/2023\/05\/image-6.png 722w, https:\/\/www.auzouvillesurry.fr\/wordpress\/wp-content\/uploads\/2023\/05\/image-6-300x118.png 300w\" sizes=\"auto, (max-width: 722px) 100vw, 722px\" \/><\/figure>\n\n\n\n<figure class=\"wp-block-image size-full\"><img loading=\"lazy\" decoding=\"async\" width=\"700\" height=\"193\" src=\"https:\/\/www.auzouvillesurry.fr\/wordpress\/wp-content\/uploads\/2023\/05\/image-8.png\" alt=\"\" class=\"wp-image-12044\" srcset=\"https:\/\/www.auzouvillesurry.fr\/wordpress\/wp-content\/uploads\/2023\/05\/image-8.png 700w, https:\/\/www.auzouvillesurry.fr\/wordpress\/wp-content\/uploads\/2023\/05\/image-8-300x83.png 300w\" sizes=\"auto, (max-width: 700px) 100vw, 700px\" \/><\/figure>\n\n\n\n<p>Extrait de \u00ab\u00a0la semaine religieuse du dioc\u00e8se de Rouen\u00a0\u00bb<\/p>\n\n\n\n<p><strong>18 janvier 1903<\/strong><\/p>\n\n\n\n<p>M Bregeault,  cur\u00e9 d&rsquo;Auzouville, nomm\u00e9 \u00e0 Rouelles<\/p>\n\n\n\n<figure class=\"wp-block-image size-full\"><img loading=\"lazy\" decoding=\"async\" width=\"644\" height=\"106\" src=\"https:\/\/www.auzouvillesurry.fr\/wordpress\/wp-content\/uploads\/2023\/05\/image-10.png\" alt=\"\" class=\"wp-image-12046\" srcset=\"https:\/\/www.auzouvillesurry.fr\/wordpress\/wp-content\/uploads\/2023\/05\/image-10.png 644w, https:\/\/www.auzouvillesurry.fr\/wordpress\/wp-content\/uploads\/2023\/05\/image-10-300x49.png 300w\" sizes=\"auto, (max-width: 644px) 100vw, 644px\" \/><\/figure>\n\n\n\n<p>Extrait due \u00ab\u00a0Journal de Rouen\u00a0\u00bb<\/p>\n\n\n\n<p><strong>02 f\u00e9vrier 1904<\/strong><\/p>\n\n\n\n<p>Nomination de M Auguste Ange Baudron cur\u00e9 d&rsquo;Auzouville<\/p>\n\n\n\n<figure class=\"wp-block-image size-full\"><img loading=\"lazy\" decoding=\"async\" width=\"796\" height=\"149\" src=\"https:\/\/www.auzouvillesurry.fr\/wordpress\/wp-content\/uploads\/2023\/05\/image-11.png\" alt=\"\" class=\"wp-image-12047\" srcset=\"https:\/\/www.auzouvillesurry.fr\/wordpress\/wp-content\/uploads\/2023\/05\/image-11.png 796w, https:\/\/www.auzouvillesurry.fr\/wordpress\/wp-content\/uploads\/2023\/05\/image-11-300x56.png 300w, https:\/\/www.auzouvillesurry.fr\/wordpress\/wp-content\/uploads\/2023\/05\/image-11-768x144.png 768w\" sizes=\"auto, (max-width: 796px) 100vw, 796px\" \/><\/figure>\n\n\n\n<p>Extrait de \u00ab\u00a0la semaine religieuse du dioc\u00e8se de Rouen\u00a0\u00bb<\/p>\n\n\n\n<p><strong>12 mai 1906<\/strong><\/p>\n\n\n\n<p>Effet de la loi de s\u00e9paration de l&rsquo;\u00e9glise et de l&rsquo;Etat<\/p>\n\n\n\n<figure class=\"wp-block-image size-full\"><img loading=\"lazy\" decoding=\"async\" width=\"711\" height=\"343\" src=\"https:\/\/www.auzouvillesurry.fr\/wordpress\/wp-content\/uploads\/2023\/05\/image-12.png\" alt=\"\" class=\"wp-image-12048\" srcset=\"https:\/\/www.auzouvillesurry.fr\/wordpress\/wp-content\/uploads\/2023\/05\/image-12.png 711w, https:\/\/www.auzouvillesurry.fr\/wordpress\/wp-content\/uploads\/2023\/05\/image-12-300x145.png 300w\" sizes=\"auto, (max-width: 711px) 100vw, 711px\" \/><\/figure>\n\n\n\n<figure class=\"wp-block-image size-full\"><img loading=\"lazy\" decoding=\"async\" width=\"733\" height=\"205\" src=\"https:\/\/www.auzouvillesurry.fr\/wordpress\/wp-content\/uploads\/2023\/05\/image-13.png\" alt=\"\" class=\"wp-image-12049\" srcset=\"https:\/\/www.auzouvillesurry.fr\/wordpress\/wp-content\/uploads\/2023\/05\/image-13.png 733w, https:\/\/www.auzouvillesurry.fr\/wordpress\/wp-content\/uploads\/2023\/05\/image-13-300x84.png 300w\" sizes=\"auto, (max-width: 733px) 100vw, 733px\" \/><\/figure>\n\n\n\n<p>Extrait de \u00ab\u00a0la semaine religieuse du dioc\u00e8se de Rouen\u00a0\u00bb<\/p>\n\n\n\n<p><strong>16 juin 1906<\/strong><\/p>\n\n\n\n<p>Confirmation par l\u2019Archev\u00eaque des enfants de la paroisse<\/p>\n\n\n\n<figure class=\"wp-block-image size-full\"><img loading=\"lazy\" decoding=\"async\" width=\"484\" height=\"199\" src=\"https:\/\/www.auzouvillesurry.fr\/wordpress\/wp-content\/uploads\/2023\/05\/image-14.png\" alt=\"\" class=\"wp-image-12051\" srcset=\"https:\/\/www.auzouvillesurry.fr\/wordpress\/wp-content\/uploads\/2023\/05\/image-14.png 484w, https:\/\/www.auzouvillesurry.fr\/wordpress\/wp-content\/uploads\/2023\/05\/image-14-300x123.png 300w\" sizes=\"auto, (max-width: 484px) 100vw, 484px\" \/><\/figure>\n\n\n\n<p><strong>10 f\u00e9vrier 1907<\/strong><\/p>\n\n\n\n<p>R\u00e9union du conseil municipal. Les cons\u00e9quences de la loi de s\u00e9paration de l&rsquo;\u00e9glise et l&rsquo;Etat<\/p>\n\n\n\n<p>Jouissance gratuite de l\u2019\u00c9glise<\/p>\n\n\n\n<figure class=\"wp-block-image size-full\"><img loading=\"lazy\" decoding=\"async\" width=\"952\" height=\"317\" src=\"https:\/\/www.auzouvillesurry.fr\/wordpress\/wp-content\/uploads\/2023\/05\/image-15.png\" alt=\"\" class=\"wp-image-12070\" srcset=\"https:\/\/www.auzouvillesurry.fr\/wordpress\/wp-content\/uploads\/2023\/05\/image-15.png 952w, https:\/\/www.auzouvillesurry.fr\/wordpress\/wp-content\/uploads\/2023\/05\/image-15-300x100.png 300w, https:\/\/www.auzouvillesurry.fr\/wordpress\/wp-content\/uploads\/2023\/05\/image-15-768x256.png 768w\" sizes=\"auto, (max-width: 952px) 100vw, 952px\" \/><\/figure>\n\n\n\n<p><em>Monsieur le Maire donne lecture d\u2019une demande faite par Monsieur l\u2019abb\u00e9 Baudron desservant la commune pour la location gratuite de l\u2019\u00e9glise d\u2019Auzouville sur Ry. Le conseil autorise le Maire \u00e0 dresser un proc\u00e8s verbal de concession de jouissance avec le susdit desservant en se conformant aux instruction qu\u2019il recevra \u00e0 cet effet lesquelles ont \u00e9t\u00e9 annonc\u00e9es par une circulaire pr\u00e9fectorale.<\/em><\/p>\n\n\n\n<p><em>D\u00e9lib\u00e9r\u00e9 \u00e0 Auzouville les jour mois et an susdits.<\/em><\/p>\n\n\n\n<p>Location du presbyt\u00e8re<\/p>\n\n\n\n<figure class=\"wp-block-image size-full\"><img loading=\"lazy\" decoding=\"async\" width=\"932\" height=\"204\" src=\"https:\/\/www.auzouvillesurry.fr\/wordpress\/wp-content\/uploads\/2023\/05\/image-16.png\" alt=\"\" class=\"wp-image-12071\" srcset=\"https:\/\/www.auzouvillesurry.fr\/wordpress\/wp-content\/uploads\/2023\/05\/image-16.png 932w, https:\/\/www.auzouvillesurry.fr\/wordpress\/wp-content\/uploads\/2023\/05\/image-16-300x66.png 300w, https:\/\/www.auzouvillesurry.fr\/wordpress\/wp-content\/uploads\/2023\/05\/image-16-768x168.png 768w\" sizes=\"auto, (max-width: 932px) 100vw, 932px\" \/><\/figure>\n\n\n\n<figure class=\"wp-block-image size-full\"><img loading=\"lazy\" decoding=\"async\" width=\"972\" height=\"452\" src=\"https:\/\/www.auzouvillesurry.fr\/wordpress\/wp-content\/uploads\/2023\/05\/image-17.png\" alt=\"\" class=\"wp-image-12072\" srcset=\"https:\/\/www.auzouvillesurry.fr\/wordpress\/wp-content\/uploads\/2023\/05\/image-17.png 972w, https:\/\/www.auzouvillesurry.fr\/wordpress\/wp-content\/uploads\/2023\/05\/image-17-300x140.png 300w, https:\/\/www.auzouvillesurry.fr\/wordpress\/wp-content\/uploads\/2023\/05\/image-17-768x357.png 768w\" sizes=\"auto, (max-width: 972px) 100vw, 972px\" \/><\/figure>\n\n\n\n<p><em>Monsieur le Maire informe le conseil que conform\u00e9ment \u00e0 la loi le desservant n\u2019aynat plus droit \u00e0 la jouissance gratuite du presbyt\u00e8re, il incombe \u00e0 l\u2019assembl\u00e9e municipale de d\u00e9erminer \u00e0 quelles condition pourra \u00eatre lou\u00e9 cet immeuble \u00e0 Monsieur le desservant qui en a fait la demande ecrite moyennant un loyer de 100 F exempt de tout imp\u00f4ts et r\u00e9paration.<\/em><\/p>\n\n\n\n<p><em>Le conseil apr\u00e8s d\u00e9lib\u00e9ration est d\u2019avis \u00e0 l&nbsp;\u2018unanimit\u00e9 des membres pr\u00e9sents de louer ledit immeuble \u00e0 M l\u2019abb\u00e9 Baudron et autorise Monsieur le Maire \u00e0 passer bail pour une p\u00e9riode de 9 ann\u00e9es qui commenceront \u00e0 partir du 1<sup>er<\/sup> janvier 1907 moyennant un loyer annuel de 150 F. les imp\u00f4ts et r\u00e9parations restant \u00e0 charge de la commune. Seules les r\u00e9parations locatives resteront \u00e0 la charge du preneur.<\/em><\/p>\n\n\n\n<p><em>D\u00e9lib\u00e9r\u00e9 \u00e0 Auzouville les jour mois et an susdits.<\/em><\/p>\n\n\n\n<p>Sonnerie des cloches<\/p>\n\n\n\n<figure class=\"wp-block-image size-full\"><img loading=\"lazy\" decoding=\"async\" width=\"893\" height=\"446\" src=\"https:\/\/www.auzouvillesurry.fr\/wordpress\/wp-content\/uploads\/2023\/05\/image-18.png\" alt=\"\" class=\"wp-image-12073\" srcset=\"https:\/\/www.auzouvillesurry.fr\/wordpress\/wp-content\/uploads\/2023\/05\/image-18.png 893w, https:\/\/www.auzouvillesurry.fr\/wordpress\/wp-content\/uploads\/2023\/05\/image-18-300x150.png 300w, https:\/\/www.auzouvillesurry.fr\/wordpress\/wp-content\/uploads\/2023\/05\/image-18-768x384.png 768w\" sizes=\"auto, (max-width: 893px) 100vw, 893px\" \/><\/figure>\n\n\n\n<p><em>Conform\u00e9ment aux instruction de Monsieur le Pr\u00e9fet le Conseil d\u00e9cide \u00e0 l\u2019unanimit\u00e9 que la sonnerie des cloches sera r\u00e9glement\u00e9e par un arr\u00eat\u00e9 et \u2026&#8230; \u00e0 Monsieur le Maire et donne son approbation au r\u00e8glement du 23 novembre 1884.<\/em><\/p>\n\n\n\n<p><em>toutefois le conseil d\u00e9sireux que les sonneries dites du r\u00e9veil du midi et du soir se fassent \u2026\u2026. par le pass\u00e9 d\u00e9cident d\u2019accorder une subvention de 50 F au sonneur communal \u00e0 charge par lui d\u2019ex\u00e9cuter les sonneries civiles toutes les fois que les circonstances l\u2019exigeront.<\/em><\/p>\n\n\n\n<p><em>D\u00e9lib\u00e9r\u00e9 \u00e0 Auzouville les jour mois et an susdits.<\/em><\/p>\n\n\n\n<p class=\"has-text-align-center\"><strong><a href=\"https:\/\/www.auzouvillesurry.fr\/wordpress\/petite-chronique-paroissiale-1908-1939\/\">Suite&#8230;..<\/a><\/strong><\/p>\n","protected":false},"excerpt":{"rendered":"<p>Petits ou grands faits touchant la paroisse d&rsquo;Auzouville sur Ry depuis 1735.Ces diverses donn\u00e9es ont \u00e9t\u00e9 glan\u00e9es sur le site des archives d\u00e9partementales de la Seine Maritime (https:\/\/www.archivesdepartementales76.net\/)&nbsp;ou de la biblioth\u00e8que Nationale de France (https:\/\/gallica.bnf.fr\/).Si vous avez des informations pouvant compl\u00e9ter le sujet n&rsquo;h\u00e9sitez pas \u00e0 les communiquer \u00e0 la mairie pour que nous puissions [&hellip;]<\/p>\n","protected":false},"author":1,"featured_media":0,"parent":0,"menu_order":0,"comment_status":"closed","ping_status":"closed","template":"","meta":{"ngg_post_thumbnail":0,"footnotes":""},"class_list":["post-12013","page","type-page","status-publish","hentry"],"_links":{"self":[{"href":"https:\/\/www.auzouvillesurry.fr\/wordpress\/wp-json\/wp\/v2\/pages\/12013","targetHints":{"allow":["GET"]}}],"collection":[{"href":"https:\/\/www.auzouvillesurry.fr\/wordpress\/wp-json\/wp\/v2\/pages"}],"about":[{"href":"https:\/\/www.auzouvillesurry.fr\/wordpress\/wp-json\/wp\/v2\/types\/page"}],"author":[{"embeddable":true,"href":"https:\/\/www.auzouvillesurry.fr\/wordpress\/wp-json\/wp\/v2\/users\/1"}],"replies":[{"embeddable":true,"href":"https:\/\/www.auzouvillesurry.fr\/wordpress\/wp-json\/wp\/v2\/comments?post=12013"}],"version-history":[{"count":15,"href":"https:\/\/www.auzouvillesurry.fr\/wordpress\/wp-json\/wp\/v2\/pages\/12013\/revisions"}],"predecessor-version":[{"id":12142,"href":"https:\/\/www.auzouvillesurry.fr\/wordpress\/wp-json\/wp\/v2\/pages\/12013\/revisions\/12142"}],"wp:attachment":[{"href":"https:\/\/www.auzouvillesurry.fr\/wordpress\/wp-json\/wp\/v2\/media?parent=12013"}],"curies":[{"name":"wp","href":"https:\/\/api.w.org\/{rel}","templated":true}]}}