{"id":11062,"date":"2022-05-01T19:37:00","date_gmt":"2022-05-01T18:37:00","guid":{"rendered":"http:\/\/www.auzouvillesurry.fr\/wordpress\/?page_id=11062"},"modified":"2022-05-01T19:37:02","modified_gmt":"2022-05-01T18:37:02","slug":"exposition-le-printemps-des-arts-2022","status":"publish","type":"page","link":"https:\/\/www.auzouvillesurry.fr\/wordpress\/exposition-le-printemps-des-arts-2022\/","title":{"rendered":"Exposition &lsquo;le Printemps des Arts 2022&rsquo;"},"content":{"rendered":"\n<p>13 artistes \u00e9taient pr\u00e9sents lors de cette exposition. Le vendredi consacr\u00e9 aux \u00e9l\u00e8ves de l&rsquo;\u00e9cole de la commune a \u00e9t\u00e9 riche de rencontres d&rsquo;explications et de d\u00e9monstrations qui ont captiv\u00e9 les enfants qui n&rsquo;ont pas h\u00e9sit\u00e9 \u00e0 revenir pendant le weekend avec leur parents<\/p>\n\n\n\n<p><\/p>ngg_shortcode_0_placeholder<p><\/p>\n","protected":false},"excerpt":{"rendered":"<p>13 artistes \u00e9taient pr\u00e9sents lors de cette exposition. Le vendredi consacr\u00e9 aux \u00e9l\u00e8ves de l&rsquo;\u00e9cole de la commune a \u00e9t\u00e9 riche de rencontres d&rsquo;explications et de d\u00e9monstrations qui ont captiv\u00e9 les enfants qui n&rsquo;ont pas h\u00e9sit\u00e9 \u00e0 revenir pendant le weekend avec leur parents<\/p>\n","protected":false},"author":1,"featured_media":0,"parent":0,"menu_order":0,"comment_status":"closed","ping_status":"closed","template":"","meta":{"ngg_post_thumbnail":0,"footnotes":""},"class_list":["post-11062","page","type-page","status-publish","hentry"],"_links":{"self":[{"href":"https:\/\/www.auzouvillesurry.fr\/wordpress\/wp-json\/wp\/v2\/pages\/11062","targetHints":{"allow":["GET"]}}],"collection":[{"href":"https:\/\/www.auzouvillesurry.fr\/wordpress\/wp-json\/wp\/v2\/pages"}],"about":[{"href":"https:\/\/www.auzouvillesurry.fr\/wordpress\/wp-json\/wp\/v2\/types\/page"}],"author":[{"embeddable":true,"href":"https:\/\/www.auzouvillesurry.fr\/wordpress\/wp-json\/wp\/v2\/users\/1"}],"replies":[{"embeddable":true,"href":"https:\/\/www.auzouvillesurry.fr\/wordpress\/wp-json\/wp\/v2\/comments?post=11062"}],"version-history":[{"count":5,"href":"https:\/\/www.auzouvillesurry.fr\/wordpress\/wp-json\/wp\/v2\/pages\/11062\/revisions"}],"predecessor-version":[{"id":11083,"href":"https:\/\/www.auzouvillesurry.fr\/wordpress\/wp-json\/wp\/v2\/pages\/11062\/revisions\/11083"}],"wp:attachment":[{"href":"https:\/\/www.auzouvillesurry.fr\/wordpress\/wp-json\/wp\/v2\/media?parent=11062"}],"curies":[{"name":"wp","href":"https:\/\/api.w.org\/{rel}","templated":true}]}}